15*w. What is the remainder when 157 is divided by v(-9)?
13
Suppose -2*w + 139 = 89. Suppose 15*q + 10 = w*q. What is the remainder when 2 is divided by q?
0
Let j(u) = u**3 + 9*u**2 - 1172*u - 54. Calculate the remainder when 119 is divided by j(-39).
23
Let i(c) = -c**3 + 4*c**2 + 16*c + 3. What is the remainder when (2247/(-4))/7*12/(-9) is divided by i(5)?
49
Let v be (-18)/((-13)/5 + 39/65). Let u = 68 + -9. Suppose 0 = -v*h + u - 23. What is the remainder when h is divided by 3?
1
Let j(l) = -l**3 + 2*l**2 + 8*l - 34. Let u be j(6). Let i = -57 - u. What is the remainder when i is divided by 37?
36
Let q be (-6)/(-12) + (2 - (-149)/(-2)). Suppose -71 + 263 = 16*f. Calculate the remainder when 320/18 - 16/q is divided by f.
6
Let k(d) = -d**2 - d - 1. Let f(g) = 4*g**2 - 31*g + 42. Let r(q) = f(q) + 6*k(q). What is the remainder when 32 is divided by r(-19)?
15
Suppose -2*o + q = -413, 2*o + 4*q + 0*q - 438 = 0. Suppose 902 = 23*x - 87. Calculate the remainder when o is divided by x.
37
Let o(s) = s**2 + 28*s + 149. Let l be o(-7). Suppose -7*x - 3*b = -l*x - 84, b - 48 = -3*x. Calculate the remainder when 190 is divided by x.
10
Let w(h) = 22*h + 59. Let u be w(-3). Let k(a) = -a**3 - 8*a**2 - 12*a + 32. What is the remainder when 132 is divided by k(u)?
65
Let a = -3 + 25. Let k(w) = -18*w + a - 11 - 13. Calculate the remainder when 28 is divided by k(-1).
12
What is the remainder when 20831 is divided by -6 - (-23 + 2)/1?
11
Calculate the remainder when -4*(119/(-2) + -9) is divided by 47.
39
Let h(t) = -101*t + 853. Calculate the remainder when 239 is divided by h(7).
93
Let m = -13965 - -15723. What is the remainder when 3540 is divided by m?
24
Let c be -12 + 30 - (-7 - -2). Suppose 3*m = c*m - 980. What is the remainder when m is divided by 10?
9
Let n = -78559 + 78635. Let z = 56 + -19. Calculate the remainder when n is divided by z.
2
Suppose -5*r - 4*a + 2518 = 0, 4*a + 2502 = -2*r + 7*r. What is the remainder when r is divided by 13?
8
Suppose -72 = 4*i - 7*i. Let n = -684 - -773. What is the remainder when n is divided by i?
17
Suppose 2*c + 0*v + 8 = -4*v, -6 = 2*c + 3*v. Suppose 0 = y + 9 - 5, c = -5*z - 2*y + 27. What is the remainder when z is divided by 16/(-20)*5/(-2)?
1
Let k = 10336 - 9514. Calculate the remainder when k is divided by 274.
0
Let o be 25*2/(-25)*(11 - 6). Let t = 50 + o. Calculate the remainder when 152 is divided by t.
32
Suppose -21 + 121 = -5*p. What is the remainder when 35 is divided by (4/3)/((p/6)/(-5))?
1
Suppose -21*n + 20*n = -220. Let c = -200 + n. Suppose 4*q = -q + 585. What is the remainder when q is divided by c?
17
Let d(q) = -q**2 - 40*q + 299. Suppose -2*f + 5 + 7 = 0. What is the remainder when d(6) is divided by f?
5
Suppose 124*x - 13600 = -109*x + 10632. What is the remainder when x is divided by 104?
0
Let u = 145 - 211. Let z = -49 - u. What is the remainder when 118 is divided by z?
16
Let q be -1 - ((-64)/1)/(-2). Let u = q + 76. Suppose -105*j + 108*j - 55 = -2*n, 6*j = n + 55. What is the remainder when u is divided by n?
10
Let m(x) = 151*x - 1743. Calculate the remainder when m(14) is divided by 25.
21
Suppose -695 = -687*h + 686*h. Suppose 320*l = 315*l + h. What is the remainder when l is divided by 47?
45
Suppose 78 = -20*p + 448 + 450. What is the remainder when 2376 is divided by p?
39
Suppose -3008 = -4*l - 58*l - 94. Calculate the remainder when 358 is divided by l.
29
Let o = 7550 - 7012. What is the remainder when o is divided by 186?
166
Let u(k) = k**3 - 11*k**2 + 15*k - 27. Calculate the remainder when 4343 is divided by u(10).
19
Let p(y) = 3*y**2 - 3*y. Let m be p(2). Calculate the remainder when 54/(-9) + (91 - (1 + 6)) is divided by m/(1*(-6)/(-27)).
24
Let b(k) = -76 + 62 - 20*k + 72 + 133. What is the remainder when 148 is divided by b(7)?
46
Let f(z) = 210*z + 1108. What is the remainder when 384 is divided by f(-5)?
36
Let l(a) = -a**2 + 12*a + 7. Suppose -4*j - 2*b + 266 = 0, 116*b - 337 = -5*j + 115*b. What is the remainder when j is divided by l(11)?
14
Let c be (-4 + (2 - 0))*(-46 - 0). Suppose -2*w - 176 = -4*u, -2*u + 0*u - 312 = 4*w. Let y = c + w. What is the remainder when 31 is divided by y?
7
Suppose -4*j = 0, -2*t + 4*t = -112*j + 109*j + 3106. Calculate the remainder when t is divided by 98.
83
Suppose -5*m + 96 = 2*k - 0*k, 5*k - 221 = -3*m. Calculate the remainder when 437 is divided by k.
7
What is the remainder when 535 is divided by 537 + (-67)/9 + (-8)/(-18)?
5
Suppose -4*w + 9*f - 11*f + 896 = 0, 3*w - 675 = -f. What is the remainder when w is divided by 8?
3
Suppose 38*i + 4*p - 74 = 35*i, -4*p = 2*i - 56. Calculate the remainder when 124250/315 + (-8)/i is divided by 20.
14
Let m(q) = -q + 8. Let t be m(5). Let p be (3/t)/(1/(-3)). Let o = p + 13. Calculate the remainder when 48 is divided by o.
8
Let t(a) = 22*a**2 - a. Let y(d) = 22*d**2 - d + 2. Let f(v) = -5*t(v) + 6*y(v). What is the remainder when f(2) is divided by 38?
22
Suppose -2*j + 2*m = -287 - 403, 5*j - 2*m - 1737 = 0. Let v = j + -123. Calculate the remainder when v/4 + (-8)/16 is divided by 29.
27
Let n be 590 - ((-12)/20)/(1/(-10)). Let v = n + -321. What is the remainder when v is divided by 11?
10
Let f(v) = -v**3 - 3*v**2 + 7*v - 23. Calculate the remainder when f(-11) is divided by 13.
10
Let x = -32 - -37. Suppose j + 65 = 5*d, x*j = 2*d - 6*d + 23. Suppose 3*i = -0*i + d. What is the remainder when 11 is divided by i?
3
Let w be (-5)/(-4) + 6/(-24). Calculate the remainder when 170*1*(2 + (-24)/16) is divided by 46 + (w - 0)*-2.
41
Let t = 250898 + -250869. Let n = 31 - -17. Calculate the remainder when n is divided by t.
19
Let a(s) = 3*s + 7. Let d be a(6). Suppose 0 = z - 5*j - 24 - d, 3*z - 158 = 4*j. Let c = 76100 + -76086. Calculate the remainder when z is divided by c.
12
Suppose -3*p - 3*l + 48 = 0, 5*p = 3*l + 7 + 33. Suppose 6 = -p*r + 28. Calculate the remainder when 59 is divided by r/5 - 3*(-590)/75.
11
Suppose 15*a - 15418 = 3152. Calculate the remainder when a is divided by 138.
134
Suppose n - z = 37, z - 2 + 6 = 0. Let u(x) = -155*x**2 - 3*x + 1. Let f be u(1). Let i = f - -174. Calculate the remainder when n is divided by i.
16
Let p = 71 - 40. Let i(y) = 12*y**2 + 26*y - 17. Let s be i(4). Suppose f + 186 = 3*j + 5, -4*f = 5*j - s. Calculate the remainder when j is divided by p.
28
Suppose 4 = -3*l - b, -3*b = -5*l + 15 - 3. Let w be (-12)/16*(-8)/3. Let s = w - l. Calculate the remainder when 21 is divided by s.
1
Let p(o) = -37*o - 9. Let v(y) = -5*y**2 - 134*y - 76. What is the remainder when p(-4) is divided by v(-26)?
27
Let k = 3384 + -3342. Calculate the remainder when 1339 is divided by k.
37
Let t = -12 + 23. Suppose -4*h + z + 128 = 0, -3*h - 90*z + 86*z + 96 = 0. Calculate the remainder when h is divided by t.
10
Let s(q) = -2*q + 30*q - q**2 - 11*q - 10. Calculate the remainder when 55 is divided by s(15).
15
Let m = -266 + 303. Suppose 5*z - m = 18. What is the remainder when 173 is divided by z?
8
Suppose 5*m = 2*m + 42. Suppose -p + 3 = -m. Let b(l) = -l**3 + 11*l**2 - 68*l + 328. Calculate the remainder when b(7) is divided by p.
14
Let x be 112/(-42)*(-18)/(-8). Calculate the remainder when 19 is divided by (16/(-12))/(x/45).
9
Suppose -11*h = -2*h - 63. Suppose 44 = h*l - 40. Calculate the remainder when 43 is divided by l.
7
Suppose 102 = y - 0*y + 3*i, 2*y + 5*i - 200 = 0. Suppose 5*n - y = -65. Calculate the remainder when 21 is divided by n.
1
Let y(a) = a**3 + 13*a**2 - 4*a + 44. Let l be y(-14). Let p = 251 + l. Calculate the remainder when p is divided by 39.
38
Suppose 109*g = 108*g + 9. Let v(s) = 9*s + 5. Calculate the remainder when v(4) is divided by g.
5
Let w(c) = c**3 + 10*c**2 + 6*c - 1. Let h be w(-9). Suppose -25*j - 6 = -h*j. Suppose -r + j*r - 40 = 0. What is the remainder when r is divided by 4?
0
Let a(q) = q**3 - 8*q**2 + 8*q - 3. Let h be a(2). Let u(p) = -p**2 - 16*p + 16. What is the remainder when u(h) is divided by 7?
1
Suppose 0 = -r + 9 - 5. Suppose -611 = -r*z + y, 5*y - y = -3*z + 482. What is the remainder when z is divided by 52?
50
Let p(t) be the second derivative of t**4/6 - 5*t**3/6 - 7*t**2/2 - 8*t + 2. What is the remainder when 157 is divided by p(-2)?
3
Suppose 26*b + 5696 = 9